28?
2
What is the tens digit of 114940?
4
What is the hundreds digit of 2928?
9
What is the hundreds digit of 36315?
3
What is the tens digit of 4815?
1
What is the tens digit of 60574?
7
What is the tens digit of 1310?
1
What is the tens digit of 977?
7
What is the hundreds digit of 95755?
7
What is the hundreds digit of 7017?
0
What is the units digit of 411?
1
What is the tens digit of 4908?
0
What is the tens digit of 94522?
2
What is the tens digit of 12836?
3
What is the tens digit of 141?
4
What is the units digit of 839?
9
What is the tens digit of 2230?
3
What is the hundreds digit of 69427?
4
What is the hundreds digit of 2045?
0
What is the units digit of 62047?
7
What is the hundreds digit of 3292?
2
What is the units digit of 30821?
1
What is the tens digit of 1290?
9
What is the units digit of 4300?
0
What is the tens digit of 555?
5
What is the hundreds digit of 1808?
8
What is the hundreds digit of 207?
2
What is the hundreds digit of 55345?
3
What is the ten thousands digit of 40841?
4
What is the hundreds digit of 1646?
6
What is the tens digit of 3612?
1
What is the ten thousands digit of 114331?
1
What is the units digit of 43409?
9
What is the tens digit of 881?
8
What is the hundreds digit of 4921?
9
What is the ten thousands digit of 50192?
5
What is the ten thousands digit of 80023?
8
What is the tens digit of 35590?
9
What is the units digit of 1313?
3
What is the ten thousands digit of 92327?
9
What is the units digit of 7132?
2
What is the units digit of 1202?
2
What is the tens digit of 83806?
0
What is the tens digit of 200?
0
What is the tens digit of 272?
7
What is the thousands digit of 112738?
2
What is the hundreds digit of 2128?
1
What is the ten thousands digit of 13683?
1
What is the units digit of 734?
4
What is the hundreds digit of 758?
7
What is the thousands digit of 82715?
2
What is the tens digit of 5109?
0
What is the tens digit of 746?
4
What is the units digit of 509?
9
What is the hundreds digit of 1818?
8
What is the tens digit of 21215?
1
What is the units digit of 1022?
2
What is the hundreds digit of 94701?
7
What is the thousands digit of 5955?
5
What is the thousands digit of 1210?
1
What is the thousands digit of 158606?
8
What is the units digit of 1171?
1
What is the tens digit of 582?
8
What is the units digit of 42404?
4
What is the hundreds digit of 877?
8
What is the thousands digit of 3245?
3
What is the units digit of 871?
1
What is the units digit of 885?
5
What is the thousands digit of 41789?
1
What is the tens digit of 1261?
6
What is the units digit of 7304?
4
What is the units digit of 101780?
0
What is the thousands digit of 2448?
2
What is the units digit of 24358?
8
What is the thousands digit of 133212?
3
What is the tens digit of 807?
0
What is the tens digit of 1107?
0
What is the tens digit of 18327?
2
What is the tens digit of 1688?
8
What is the tens digit of 41409?
0
What is the units digit of 2561?
1
What is the units digit of 81?
1
What is the ten thousands digit of 22199?
2
What is the thousands digit of 78233?
8
What is the tens digit of 17793?
9
What is the hundreds digit of 70497?
4
What is the thousands digit of 82934?
2
What is the units digit of 1728?
8
What is the hundreds digit of 1036?
0
What is the tens digit of 31381?
8
What is the units digit of 193?
3
What is the hundreds digit of 2667?
6
What is the units digit of 135988?
8
What is the hundreds digit of 68170?
1
What is the hundreds digit of 2045?
0
What is the tens digit of 810?
1
What is the tens digit of 19272?
7
What is the hundreds digit of 54038?
0
What is the units digit of 14902?
2
What is the hundreds digit of 1004?
0
What is the thousands digit of 99759?
9
What is the units digit of 62845?
5
What is the hundreds digit of 476?
4
What is the hundreds digit of 3626?
6
What is the units digit of 48032?
2
What is the units digit of 3746?
6
What is the thousands digit of 12203?
2
What is the hundreds digit of 65428?
4
What is the thousands digit of 13098?
3
What is the thousands digit of 1336?
1
What is the units digit of 1851?
1
What is the tens digit of 7724?
2
What is the units digit of 980?
0
What is the hundreds digit of 5833?
8
What is the hundreds digit of 1541?
5
What is the units digit of 2204?
4
What is the hundreds digit of 2164?
1
What is the thousands digit of 153781?
3
What is the hundreds digit of 83868?
8
What is the units digit of 19761?
1
What is the units digit of 949?
9
What is the hundreds digit of 3682?
6
What is the tens digit of 849?
4
What is the thousands digit of 4850?
4
What is the thousands digit of 2834?
2
What is the hundreds digit of 37249?
2
What is the units digit of 686?
6
What is the hundreds digit of 728?
7
What is the units digit of 6031?
1
What is the tens digit of 1109?
0
What is the tens digit of 1183?
8
What is the units digit of 2989?
9
What is the units digit of 8440?
0
What is the hundreds digit of 1715?
7
What is the units digit of 677?
7
What is the thousands digit of 8862?
8
What is the tens digit of 649?
4
What is the ten thousands digit of 35983?
3
What is the tens digit of 1683?
8
What is the hundreds digit of 23507?
5
What is the thousands digit of 12753?
2
What is the tens digit of 173925?
2
What is the tens digit of 1318?
1
What is the tens digit of 425?
2
What is the hundreds digit of 2594?
5
What is the ten thousands digit of 15677?
1
What is the ten thousands digit of 18613?
1
What is the thousands digit of 20407?
0
What is the tens digit of 385?
8
What is the units digit of 11736?
6
What is the hundreds digit of 1118?
1
What is the hundreds digit of 12945?
9
What is the thousands digit of 10482?
0
What is the tens digit of 3036?
3
What is the tens digit of 12085?
8
What is the tens digit of 33669?
6
What is the hundreds digit of 8971?
9
What is the units digit of 61534?
4
What is the hundreds digit of 1958?
9
What is the thousands digit of 13491?
3
What is the tens digit of 6234?
3
What is the hundreds digit of 8894?
8
What is the units digit of 752?
2
What is the tens digit of 6511?
1
What is the hundreds digit of 46828?
8
What is the thousands digit of 6243?
6
What is the units digit of 3235?
5
What is the units digit of 100592?
2
What is the thousands digit of 23345?
3
What is the units digit of 5664?
4
What is the units digit of 36022?
2
What is the tens digit of 28324?
2
What is the units digit of 773?
3
What is the thousands digit of 8505?
8
What is the hundred thousands digit of 125406?
1
What is the thousands digit of 61796?
1
What is the tens digit of 31033?
3
What is the units digit of 22078?
8
What is the units digit of 32292?
2
What is the thousands digit of 1642?
1
What is the tens digit of 4738?
3
What is the thousands digit of 30773?
0
What is the thousands digit of 4778?
4
What is the hundreds digit of 219?
2
What is the hundreds digit of 1980?
9
What is the ten thousands digit of 16380?
1
What is the tens digit of 9285?
8
What is the tens digit of 3381?
8
What is the units digit of 2780?
0
What is the ten thousands digit of 10337?
1
What is the tens digit of 5776?
7
What is the tens digit of 2368?
6
What is the hundreds digit of 399?
3
What is the ten thousands digit of 53564?
5
What is the units digit of 7681?
1
What is the tens digit of 851?
5
What is the thousands digit of 126206?
6
What is the thousands digit of 16968?
6
What is the units digit of 1807?
7
What is the ten thousands digit of 68209?
6
What is the tens digit of 18888?
8
What is the tens digit of 1401?
0
What is the thousands digit of 1359?
1
What is the ten thousands digit of 40685?
4
What is the units digit of 33041?
1
What is the hundreds digit of 38225?
2
What is the hundreds digit of 42246?
2
What is the tens digit of 22689?
8
What is the units digit of 995?
5
What is the tens digit of 18814?
1
What is the ten thousands digit of 14613?
1
What is the units digit of 23483?
3
What is the units digit of 3348?
8
What is the tens digit of 10401?
0
What is the hundreds digit of 38782?
7
What is the units digit of 876?
6
What is the hundreds digit of 131453?
4
What is the tens digit of 355?
5
What is the units digit of 1505?
5
What is the hundreds digit of 68110?
1
What is the tens digit of 4968?
6
What is the units digit of 13249?
9
What is the hundreds